{"id":15,"date":"2020-09-16T19:44:54","date_gmt":"2020-09-16T19:44:54","guid":{"rendered":"http:\/\/bachmadridproject-com.preview-domain.com\/?page_id=15"},"modified":"2020-10-01T07:06:21","modified_gmt":"2020-10-01T07:06:21","slug":"home","status":"publish","type":"page","link":"https:\/\/www.bachmadridproject.com\/","title":{"rendered":"BACH MADRID PROJECT"},"content":{"rendered":"\n\n  <div class=\"banner has-hover has-video\" id=\"banner-639882883\">\n          <div class=\"banner-inner fill\">\n        <div class=\"banner-bg fill\" >\n            <div class=\"bg fill bg-fill \"><\/div>\n            \t<div class=\"video-overlay no-click fill visible\"><\/div>\n\t<video class=\"video-bg fill visible\" preload playsinline autoplay\n\t\tmuted\t\tloop>\n\t\t<source src=\"https:\/\/www.bachmadridproject.com\/wp-content\/uploads\/2020\/09\/BACH-MADRID-PROJECT-_-Presentacion-HOME-1.mp4\" type=\"video\/mp4\">\t<\/video>\n            <div class=\"overlay\"><\/div>            \n                    <\/div>\n        <div class=\"banner-layers container\">\n            <a class=\"fill\" href=\"https:\/\/www.youtube.com\/channel\/UCIRzdvidVqhBmvnfXJIzIlQ\/featured\" target=\"_blank\" rel=\"noopener noreferrer\" ><div class=\"fill banner-link\"><\/div><\/a>            \n\n   <div id=\"text-box-1065202153\" class=\"text-box banner-layer x100 md-x100 lg-x100 y100 md-y100 lg-y100 res-text\">\n                                <div class=\"text dark\">\n              \n              <div class=\"text-inner text-center\">\n                  \n\n\t<div class=\"img has-hover x md-x lg-x y md-y lg-y\" id=\"image_1341203731\">\n\t\t\t\t\t\t<div data-animate=\"fadeInDown\">\t\t<div class=\"img-inner dark\" >\n\t\t\t<img width=\"1020\" height=\"397\" src=\"https:\/\/www.bachmadridproject.com\/wp-content\/uploads\/2020\/09\/LOGO-BACH-MADRID-1400x545.png\" class=\"attachment-large size-large\" alt=\"\" loading=\"lazy\" srcset=\"https:\/\/www.bachmadridproject.com\/wp-content\/uploads\/2020\/09\/LOGO-BACH-MADRID-1400x545.png 1400w, https:\/\/www.bachmadridproject.com\/wp-content\/uploads\/2020\/09\/LOGO-BACH-MADRID-800x311.png 800w, https:\/\/www.bachmadridproject.com\/wp-content\/uploads\/2020\/09\/LOGO-BACH-MADRID-768x299.png 768w, https:\/\/www.bachmadridproject.com\/wp-content\/uploads\/2020\/09\/LOGO-BACH-MADRID-1536x597.png 1536w, https:\/\/www.bachmadridproject.com\/wp-content\/uploads\/2020\/09\/LOGO-BACH-MADRID.png 1671w\" sizes=\"(max-width: 1020px) 100vw, 1020px\" \/>\t\t\t\t\t\t\n\t\t\t\t\t<\/div>\n\t\t<\/div>\t\t\t\t\t\t\n<style>\n#image_1341203731 {\n  width: 33%;\n}\n<\/style>\n\t<\/div>\n\t\n\n\n              <\/div>\n           <\/div>\n                            \n<style>\n#text-box-1065202153 {\n  margin: 0px -74px 0px 0px;\n  width: 67%;\n}\n#text-box-1065202153 .text-inner {\n  padding: 0px 25px 13px 0px;\n}\n#text-box-1065202153 .text {\n  font-size: 0%;\n}\n@media (min-width:550px) {\n  #text-box-1065202153 {\n    margin: 0px -133px 0px 0px;\n    width: 59%;\n  }\n}\n@media (min-width:850px) {\n  #text-box-1065202153 {\n    margin: 0px -138px 0px 0px;\n    width: 45%;\n  }\n  #text-box-1065202153 .text-inner {\n    padding: 0px 0px 13px 0px;\n  }\n}\n<\/style>\n    <\/div>\n \n\n        <\/div>\n      <\/div>\n\n            \n<style>\n#banner-639882883 {\n  padding-top: 191px;\n}\n#banner-639882883 .overlay {\n  background-color: rgba(255, 255, 255, 0.27);\n}\n@media (min-width:550px) {\n  #banner-639882883 {\n    padding-top: 469px;\n  }\n}\n@media (min-width:850px) {\n  #banner-639882883 {\n    padding-top: 702px;\n  }\n}\n<\/style>\n  <\/div>\n\n\n\t<section class=\"section\" id=\"section_67976721\">\n\t\t<div class=\"bg section-bg fill bg-fill  bg-loaded\" >\n\n\t\t\t\n\t\t\t\n\t\t\t\n\n\t\t<\/div>\n\n\t\t<div class=\"section-content relative\">\n\t\t\t\n\n<div class=\"row align-middle align-center\"  id=\"row-2053425009\">\n\n\n\t<div id=\"col-501362673\" class=\"col medium-7 small-12 large-12\"  >\n\t\t<div class=\"col-inner\"  >\n\t\t\t\n\t\t\t\n\n<p><span style=\"font-size: 130%;\"><strong>Bach Madrid Project<\/strong> nace de la aspiraci\u00f3n de dar continuidad a la intensa y extensa labor que el director <strong>Oscar Gershensohn<\/strong> ha desarrollado alrededor de la obra de <strong>Johann Sebastian Bach<\/strong> desde hace m\u00e1s de dos d\u00e9cadas. Centrado en tres vertientes, Conciertos de Cantatas, Aulas Bach y Coro de Ni\u00f1os y J\u00f3venes, el proyecto incluye de forma especial la difusi\u00f3n audiovisual a trav\u00e9s de la productora Tirabeque.<\/span><\/p>\n\n\t\t<\/div>\n\t\t\n<style>\n#col-501362673 > .col-inner {\n  padding: 0px 5px 0px 5px;\n  margin: 0px 0px -34px 0px;\n}\n@media (min-width:550px) {\n  #col-501362673 > .col-inner {\n    padding: 0px 5px 0px 0px;\n  }\n}\n@media (min-width:850px) {\n  #col-501362673 > .col-inner {\n    padding: 0px 5px 0px 5px;\n  }\n}\n<\/style>\n\t<\/div>\n\n\t\n\n\t<div id=\"col-1620005780\" class=\"col medium-5 small-12 large-4\"  >\n\t\t<div class=\"col-inner\"  >\n\t\t\t\n\t\t\t\n\n\t<div class=\"box has-hover   has-hover box-text-bottom\" >\n\n\t\t<div class=\"box-image\" >\n\t\t\t\t\t\t<div class=\"\" >\n\t\t\t\t<img width=\"600\" height=\"400\" src=\"https:\/\/www.bachmadridproject.com\/wp-content\/uploads\/2020\/09\/BACH-MADRID-PROJECT-TEXTO-1-600x400.jpg\" class=\"attachment-medium size-medium\" alt=\"\" loading=\"lazy\" srcset=\"https:\/\/www.bachmadridproject.com\/wp-content\/uploads\/2020\/09\/BACH-MADRID-PROJECT-TEXTO-1-600x400.jpg 600w, https:\/\/www.bachmadridproject.com\/wp-content\/uploads\/2020\/09\/BACH-MADRID-PROJECT-TEXTO-1-1200x800.jpg 1200w, https:\/\/www.bachmadridproject.com\/wp-content\/uploads\/2020\/09\/BACH-MADRID-PROJECT-TEXTO-1-768x512.jpg 768w, https:\/\/www.bachmadridproject.com\/wp-content\/uploads\/2020\/09\/BACH-MADRID-PROJECT-TEXTO-1-1536x1024.jpg 1536w, https:\/\/www.bachmadridproject.com\/wp-content\/uploads\/2020\/09\/BACH-MADRID-PROJECT-TEXTO-1.jpg 1920w\" sizes=\"(max-width: 600px) 100vw, 600px\" \/>\t\t\t\t\t\t\t\t\t\t\t<\/div>\n\t\t\t\t\t<\/div>\n\n\t\t<div class=\"box-text text-center\" style=\"padding:4px 0px 8px 0px;\">\n\t\t\t<div class=\"box-text-inner\">\n\t\t\t\t\n\n<p>Fotograf\u00eda: <a href=\"https:\/\/www.facebook.com\/BachEnMadrid\/photos\/-nacho-valenzuela-y-tirabeque-producciones-sltodos-los-derechos-reservados\/219146391551921\/\"><strong>Nacho Valenzuela &#8211; Tirabeque Producciones.<\/strong><\/a><\/p>\n\n\t\t\t<\/div>\n\t\t<\/div>\n\t<\/div>\n\t\n\n\t\t<\/div>\n\t\t\t<\/div>\n\n\t\n\n\t<div id=\"col-1866016760\" class=\"col medium-12 small-12 large-8\"  >\n\t\t<div class=\"col-inner\"  >\n\t\t\t\n\t\t\t\n\n<p style=\"text-align: left;\"><span style=\"font-size: 130%;\">El ensemble vocal e instrumental de Bach Madrid Project est\u00e1 formado por un conjunto de int\u00e9rpretes que han desarrollado una importante trayectoria con el amplio repertorio de la m\u00fasica barroca, y en especial, el bachiano. El director Oscar Gershensohn conforma este ensemble que viene realizando, como parte de La Capilla Real de Madrid, una destacada labor en los diferentes proyectos creados y dirigidos por \u00e9l en colaboraci\u00f3n con principales instituciones de la ciudad de Madrid, entre los que destacan el Ciclo Integral de Cantatas de J. S. Bach (2004-2012), encomendado por el Ayuntamiento de Madrid; el C\u00edrculo Bach (2013-2015), en el C\u00edrculo de Bellas Artes de Madrid, y el Ciclo Bach Madrid (2015-2019) en el Palacio de Cibeles de Madrid.<\/span><\/p>\n\n\t\t<\/div>\n\t\t\t<\/div>\n\n\t\n\n\t<div id=\"col-1399344385\" class=\"col small-12 large-12\"  >\n\t\t<div class=\"col-inner\"  >\n\t\t\t\n\t\t\t\n\n<p style=\"text-align: left;\"><span style=\"font-size: 130%;\">La labor desarrollada por el director Gershensohn alrededor de la obra de J. S. Bach ha sido distinguida con el <em>European Parliament\u2019s High Patronage<\/em>.<\/span><\/p>\n<p style=\"text-align: left;\"><span style=\"font-size: 130%;\">El extenso repertorio interpretado de J. S. Bach recorre la mayor parte de su obra sinf\u00f3nico coral: m\u00e1s de un centenar de sus Cantatas sacras, adem\u00e1s de las grandes composiciones (<em>Johannes-Passion<\/em>, <em>Matth\u00e4us-Passion<\/em>, Oratorio de Navidad, Misa en Si menor, <em>Magnificat<\/em>, Oratorio de Pascua, Oratorio de la Ascensi\u00f3n, Misas Luteranas, Motetes\u2026). Asimismo incluye obras orquestales para instrumentos solistas o la integral de Conciertos de Brandemburgo.<\/span><\/p>\n<p style=\"text-align: left;\"><span style=\"font-size: 130%;\">Adem\u00e1s de los conciertos en recintos hist\u00f3ricos de Madrid, el trabajo alrededor de J. S. Bach se ha presentado en escenarios como el Auditorio Nacional, Palacio Real de Madrid, Palau de la M\u00fasica Catalana de Barcelona, Reales Sitios-Patrimonio Nacional, Monasterio de Pedralbes, Auditorio Pr\u00edncipe de Asturias de Oviedo, Festival Camino de Santiago de Jaca, Duomo y Baptisterio de Parma, o festivales internacionales como Abu-Gosh Festival Israel, Prague Baroque Soir\u00e9es, Mozarteum Argentina, Chile y Brasil, entre otros muchos.<\/span><\/p>\n<p style=\"text-align: left;\"><span style=\"font-size: 130%;\">Los proyectos dedicados a la obra de J. S. Bach bajo la direcci\u00f3n de Oscar Gershensohn han recibido el apoyo de organismos y entidades como la Fundaci\u00f3n La Caixa, Fundaci\u00f3n Repsol, Banco Santander, Fundaci\u00f3n Telef\u00f3nica, las Embajadas de Alemania, Israel, Austria, Pa\u00edses Bajos, Rep\u00fablica Checa, Fundaci\u00f3n Goethe, Lufthansa, Deutsche Bank, y m\u00e1s recientemente la Fundaci\u00f3n ONUART. \u00a0Esta labor tambi\u00e9n ha sido apoyada por Acci\u00f3n Cultural Espa\u00f1ola-AECID, el Ministerio de Asuntos Exteriores, Patrimonio Nacional y RTVE.<\/span><\/p>\n\n\t\t<\/div>\n\t\t\n<style>\n#col-1399344385 > .col-inner {\n  padding: 0px 5px 0px 5px;\n  margin: -30px 0px 0px 0px;\n}\n<\/style>\n\t<\/div>\n\n\t\n\n\t<div id=\"col-1960569374\" class=\"col medium-9 small-12 large-9\"  >\n\t\t<div class=\"col-inner\"  >\n\t\t\t\n\t\t\t\n\n<div class=\"video video-fit mb\" style=\"padding-top:56.25%;\"><iframe title=\"BACH MADRID PROJECT | Presentaci\u00f3n\" width=\"1020\" height=\"574\" src=\"https:\/\/www.youtube.com\/embed\/AQhD1oKiMgs?feature=oembed\" frameborder=\"0\" allow=\"accelerometer; autoplay; clipboard-write; encrypted-media; gyroscope; picture-in-picture\" allowfullscreen><\/iframe><\/div>\n\n\n\t\t<\/div>\n\t\t\t<\/div>\n\n\t\n\n<\/div>\n<div class=\"row\"  id=\"row-1334483554\">\n\n\n\t<div id=\"col-2100486776\" class=\"col small-12 large-12\"  >\n\t\t<div class=\"col-inner\"  >\n\t\t\t\n\t\t\t\n\n<p style=\"text-align: center;\"><span style=\"font-size: 130%;\">Puedes escribirnos a <strong><a href=\"mailto:coord.bachmadridproject@gmail.com\" rel=\"noreferrer\">coord.bachmadridproject@gmail.com<\/a><\/strong>\u00a0y visitar nuestro <a href=\"https:\/\/www.youtube.com\/channel\/UCIRzdvidVqhBmvnfXJIzIlQ\/featured\" target=\"_blank\" rel=\"noopener noreferrer\" data-wplink-edit=\"true\"><strong>canal de YouTube<\/strong><\/a><\/span><\/p>\n\n\t\t<\/div>\n\t\t\t<\/div>\n\n\t\n\n<\/div>\n\n\t\t<\/div>\n\n\t\t\n<style>\n#section_67976721 {\n  padding-top: 37px;\n  padding-bottom: 37px;\n}\n<\/style>\n\t<\/section>\n\t\n\n","protected":false},"excerpt":{"rendered":"","protected":false},"author":1,"featured_media":0,"parent":0,"menu_order":0,"comment_status":"closed","ping_status":"closed","template":"page-blank.php","meta":[],"_links":{"self":[{"href":"https:\/\/www.bachmadridproject.com\/index.php?rest_route=\/wp\/v2\/pages\/15"}],"collection":[{"href":"https:\/\/www.bachmadridproject.com\/index.php?rest_route=\/wp\/v2\/pages"}],"about":[{"href":"https:\/\/www.bachmadridproject.com\/index.php?rest_route=\/wp\/v2\/types\/page"}],"author":[{"embeddable":true,"href":"https:\/\/www.bachmadridproject.com\/index.php?rest_route=\/wp\/v2\/users\/1"}],"replies":[{"embeddable":true,"href":"https:\/\/www.bachmadridproject.com\/index.php?rest_route=%2Fwp%2Fv2%2Fcomments&post=15"}],"version-history":[{"count":66,"href":"https:\/\/www.bachmadridproject.com\/index.php?rest_route=\/wp\/v2\/pages\/15\/revisions"}],"predecessor-version":[{"id":174,"href":"https:\/\/www.bachmadridproject.com\/index.php?rest_route=\/wp\/v2\/pages\/15\/revisions\/174"}],"wp:attachment":[{"href":"https:\/\/www.bachmadridproject.com\/index.php?rest_route=%2Fwp%2Fv2%2Fmedia&parent=15"}],"curies":[{"name":"wp","href":"https:\/\/api.w.org\/{rel}","templated":true}]}}

<div class="banner has-hover has-video" id="banner-639882883">
          <div class="banner-inner fill">
        <div class="banner-bg fill" >
            <div class="bg fill bg-fill "></div>
            	<div class="video-overlay no-click fill visible"></div>
	<video class="video-bg fill visible" preload playsinline autoplay
		muted		loop>
		<source src="https://www.bachmadridproject.com/wp-content/uploads/2020/09/BACH-MADRID-PROJECT-_-Presentacion-HOME-1.mp4" type="video/mp4">	</video>
            <div class="overlay"></div>            
                    </div>
        <div class="banner-layers container">
            <a class="fill" href="https://www.youtube.com/channel/UCIRzdvidVqhBmvnfXJIzIlQ/featured" target="_blank" rel="noopener noreferrer" ><div class="fill banner-link"></div></a>            

   <div id="text-box-1065202153" class="text-box banner-layer x100 md-x100 lg-x100 y100 md-y100 lg-y100 res-text">
                                <div class="text dark">
              
              <div class="text-inner text-center">
                  

	<div class="img has-hover x md-x lg-x y md-y lg-y" id="image_1341203731">
						<div data-animate="fadeInDown">		<div class="img-inner dark" >
			<img width="1020" height="397" src="https://www.bachmadridproject.com/wp-content/uploads/2020/09/LOGO-BACH-MADRID-1400x545.png" class="attachment-large size-large" alt="" loading="lazy" srcset="https://www.bachmadridproject.com/wp-content/uploads/2020/09/LOGO-BACH-MADRID-1400x545.png 1400w, https://www.bachmadridproject.com/wp-content/uploads/2020/09/LOGO-BACH-MADRID-800x311.png 800w, https://www.bachmadridproject.com/wp-content/uploads/2020/09/LOGO-BACH-MADRID-768x299.png 768w, https://www.bachmadridproject.com/wp-content/uploads/2020/09/LOGO-BACH-MADRID-1536x597.png 1536w, https://www.bachmadridproject.com/wp-content/uploads/2020/09/LOGO-BACH-MADRID.png 1671w" sizes="(max-width: 1020px) 100vw, 1020px" />						
					</div>
		</div>						
<style>
#image_1341203731 {
  width: 33%;
}
</style>
	</div>
	


              </div>
           </div>
                            
<style>
#text-box-1065202153 {
  margin: 0px -74px 0px 0px;
  width: 67%;
}
#text-box-1065202153 .text-inner {
  padding: 0px 25px 13px 0px;
}
#text-box-1065202153 .text {
  font-size: 0%;
}
@media (min-width:550px) {
  #text-box-1065202153 {
    margin: 0px -133px 0px 0px;
    width: 59%;
  }
}
@media (min-width:850px) {
  #text-box-1065202153 {
    margin: 0px -138px 0px 0px;
    width: 45%;
  }
  #text-box-1065202153 .text-inner {
    padding: 0px 0px 13px 0px;
  }
}
</style>
    </div>
 

        </div>
      </div>

            
<style>
#banner-639882883 {
  padding-top: 191px;
}
#banner-639882883 .overlay {
  background-color: rgba(255, 255, 255, 0.27);
}
@media (min-width:550px) {
  #banner-639882883 {
    padding-top: 469px;
  }
}
@media (min-width:850px) {
  #banner-639882883 {
    padding-top: 702px;
  }
}
</style>
  </div>


	<section class="section" id="section_67976721">
		<div class="bg section-bg fill bg-fill  bg-loaded" >

			
			
			

		</div>

		<div class="section-content relative">
			

<div class="row align-middle align-center"  id="row-2053425009">


	<div id="col-501362673" class="col medium-7 small-12 large-12"  >
		<div class="col-inner"  >
			
			

<p><span style="font-size: 130%;"><strong>Bach Madrid Project</strong> nace de la aspiración de dar continuidad a la intensa y extensa labor que el director <strong>Oscar Gershensohn</strong> ha desarrollado alrededor de la obra de <strong>Johann Sebastian Bach</strong> desde hace más de dos décadas. Centrado en tres vertientes, Conciertos de Cantatas, Aulas Bach y Coro de Niños y Jóvenes, el proyecto incluye de forma especial la difusión audiovisual a través de la productora Tirabeque.</span></p>

		</div>
		
<style>
#col-501362673 > .col-inner {
  padding: 0px 5px 0px 5px;
  margin: 0px 0px -34px 0px;
}
@media (min-width:550px) {
  #col-501362673 > .col-inner {
    padding: 0px 5px 0px 0px;
  }
}
@media (min-width:850px) {
  #col-501362673 > .col-inner {
    padding: 0px 5px 0px 5px;
  }
}
</style>
	</div>

	

	<div id="col-1620005780" class="col medium-5 small-12 large-4"  >
		<div class="col-inner"  >
			
			

	<div class="box has-hover   has-hover box-text-bottom" >

		<div class="box-image" >
						<div class="" >
				<img width="600" height="400" src="https://www.bachmadridproject.com/wp-content/uploads/2020/09/BACH-MADRID-PROJECT-TEXTO-1-600x400.jpg" class="attachment-medium size-medium" alt="" loading="lazy" srcset="https://www.bachmadridproject.com/wp-content/uploads/2020/09/BACH-MADRID-PROJECT-TEXTO-1-600x400.jpg 600w, https://www.bachmadridproject.com/wp-content/uploads/2020/09/BACH-MADRID-PROJECT-TEXTO-1-1200x800.jpg 1200w, https://www.bachmadridproject.com/wp-content/uploads/2020/09/BACH-MADRID-PROJECT-TEXTO-1-768x512.jpg 768w, https://www.bachmadridproject.com/wp-content/uploads/2020/09/BACH-MADRID-PROJECT-TEXTO-1-1536x1024.jpg 1536w, https://www.bachmadridproject.com/wp-content/uploads/2020/09/BACH-MADRID-PROJECT-TEXTO-1.jpg 1920w" sizes="(max-width: 600px) 100vw, 600px" />											</div>
					</div>

		<div class="box-text text-center" style="padding:4px 0px 8px 0px;">
			<div class="box-text-inner">
				

<p>Fotografía: <a href="https://www.facebook.com/BachEnMadrid/photos/-nacho-valenzuela-y-tirabeque-producciones-sltodos-los-derechos-reservados/219146391551921/"><strong>Nacho Valenzuela &#8211; Tirabeque Producciones.</strong></a></p>

			</div>
		</div>
	</div>
	

		</div>
			</div>

	

	<div id="col-1866016760" class="col medium-12 small-12 large-8"  >
		<div class="col-inner"  >
			
			

<p style="text-align: left;"><span style="font-size: 130%;">El ensemble vocal e instrumental de Bach Madrid Project está formado por un conjunto de intérpretes que han desarrollado una importante trayectoria con el amplio repertorio de la música barroca, y en especial, el bachiano. El director Oscar Gershensohn conforma este ensemble que viene realizando, como parte de La Capilla Real de Madrid, una destacada labor en los diferentes proyectos creados y dirigidos por él en colaboración con principales instituciones de la ciudad de Madrid, entre los que destacan el Ciclo Integral de Cantatas de J. S. Bach (2004-2012), encomendado por el Ayuntamiento de Madrid; el Círculo Bach (2013-2015), en el Círculo de Bellas Artes de Madrid, y el Ciclo Bach Madrid (2015-2019) en el Palacio de Cibeles de Madrid.</span></p>

		</div>
			</div>

	

	<div id="col-1399344385" class="col small-12 large-12"  >
		<div class="col-inner"  >
			
			

<p style="text-align: left;"><span style="font-size: 130%;">La labor desarrollada por el director Gershensohn alrededor de la obra de J. S. Bach ha sido distinguida con el <em>European Parliament’s High Patronage</em>.</span></p>
<p style="text-align: left;"><span style="font-size: 130%;">El extenso repertorio interpretado de J. S. Bach recorre la mayor parte de su obra sinfónico coral: más de un centenar de sus Cantatas sacras, además de las grandes composiciones (<em>Johannes-Passion</em>, <em>Matthäus-Passion</em>, Oratorio de Navidad, Misa en Si menor, <em>Magnificat</em>, Oratorio de Pascua, Oratorio de la Ascensión, Misas Luteranas, Motetes…). Asimismo incluye obras orquestales para instrumentos solistas o la integral de Conciertos de Brandemburgo.</span></p>
<p style="text-align: left;"><span style="font-size: 130%;">Además de los conciertos en recintos históricos de Madrid, el trabajo alrededor de J. S. Bach se ha presentado en escenarios como el Auditorio Nacional, Palacio Real de Madrid, Palau de la Música Catalana de Barcelona, Reales Sitios-Patrimonio Nacional, Monasterio de Pedralbes, Auditorio Príncipe de Asturias de Oviedo, Festival Camino de Santiago de Jaca, Duomo y Baptisterio de Parma, o festivales internacionales como Abu-Gosh Festival Israel, Prague Baroque Soirées, Mozarteum Argentina, Chile y Brasil, entre otros muchos.</span></p>
<p style="text-align: left;"><span style="font-size: 130%;">Los proyectos dedicados a la obra de J. S. Bach bajo la dirección de Oscar Gershensohn han recibido el apoyo de organismos y entidades como la Fundación La Caixa, Fundación Repsol, Banco Santander, Fundación Telefónica, las Embajadas de Alemania, Israel, Austria, Países Bajos, República Checa, Fundación Goethe, Lufthansa, Deutsche Bank, y más recientemente la Fundación ONUART.  Esta labor también ha sido apoyada por Acción Cultural Española-AECID, el Ministerio de Asuntos Exteriores, Patrimonio Nacional y RTVE.</span></p>

		</div>
		
<style>
#col-1399344385 > .col-inner {
  padding: 0px 5px 0px 5px;
  margin: -30px 0px 0px 0px;
}
</style>
	</div>

	

	<div id="col-1960569374" class="col medium-9 small-12 large-9"  >
		<div class="col-inner"  >
			
			

<div class="video video-fit mb" style="padding-top:56.25%;"><iframe title="BACH MADRID PROJECT | Presentación" width="1020" height="574" src="https://www.youtube.com/embed/AQhD1oKiMgs?feature=oembed" frameborder="0" allow="accelerometer; autoplay; clipboard-write; encrypted-media; gyroscope; picture-in-picture" allowfullscreen></iframe></div>


		</div>
			</div>

	

</div>
<div class="row"  id="row-1334483554">


	<div id="col-2100486776" class="col small-12 large-12"  >
		<div class="col-inner"  >
			
			

<p style="text-align: center;"><span style="font-size: 130%;">Puedes escribirnos a <strong><a href="mailto:coord.bachmadridproject@gmail.com" rel="noreferrer">coord.bachmadridproject@gmail.com</a></strong> y visitar nuestro <a href="https://www.youtube.com/channel/UCIRzdvidVqhBmvnfXJIzIlQ/featured" target="_blank" rel="noopener noreferrer" data-wplink-edit="true"><strong>canal de YouTube</strong></a></span></p>

		</div>
			</div>

	

</div>

		</div>

		
<style>
#section_67976721 {
  padding-top: 37px;
  padding-bottom: 37px;
}
</style>
	</section>
